ctors of o(8)?
2
Let n(b) = -b**3 - b**2 + 6*b + 3. List the prime factors of n(-4).
3
Let v(j) = -4*j**2 + j + 10. Let i(d) = 5*d**2 - d - 11. Let w(o) = 5*i(o) + 6*v(o). What are the prime factors of w(0)?
5
Let d be 17 + (-1 - 0) - 1. Let g = d - 26. Let c = g - -15. What are the prime factors of c?
2
Suppose w - 4*o + 0*o = 26, 0 = 2*w + o - 16. List the prime factors of 6/4*(w + -4).
3
Suppose 3*t = -5*m - 21 + 64, -5*m = t - 51. Suppose 4*q + 3 = m, -3*u - 2 = -4*q. Suppose -2*f - 4*k = -0*f + 2, 13 = 3*f + u*k. List the prime factors of f.
7
Let a be 6/(1*(2 - 3)). Let o(d) = -d - 2. Let u be o(2). List the prime factors of 80/15*a/u.
2
Let k(d) = 6*d**2 - d + 1. Suppose -t + 1 = -0. What are the prime factors of k(t)?
2, 3
Suppose 0 = -2*l + 3*y + 14, y + 2*y = 12. What are the prime factors of l?
13
Let u(i) = -i**2 + 13*i + 1. Let v be u(9). Suppose 4*w = 193 - v. List the prime factors of w.
3, 13
Let v = -36 + 67. Suppose -v - 65 = -3*l. Suppose n + 3*n - l = 5*t, -4*n + 32 = 2*t. List the prime factors of n.
2
Let s(i) = -5*i**3 + i**2 + 4*i + 5. List the prime factors of s(-2).
41
Let i = 42 + -27. What are the prime factors of i?
3, 5
Let r = 36 - 16. List the prime factors of r.
2, 5
Suppose 0 = -2*k - 36 + 92. Suppose u - 3*u + k = 0. List the prime factors of u.
2, 7
Suppose 5*g + q + 4*q = -50, 4*g = 5*q - 31. What are the prime factors of (-61)/g - (-2)/9?
7
Suppose -5*v - 14 = -44. Let f = 1 + v. List the prime factors of f.
7
Let x(v) = 4*v**2 - 7*v - 7. Let a be x(6). Suppose -8*o + a = -3*o. What are the prime factors of o?
19
Let r(a) = -3*a - 2*a**3 - 3*a**3 - 4 - 6*a**2 + 4*a**3 - 1. List the prime factors of r(-6).
13
Let p be 2*1 - (-5 + 3). Suppose p*i = u + 29, 10 = i - 0*i - 3*u. List the prime factors of i*(-3 - 66/(-14)).
2, 3
Suppose 4*h - 10 = 2*h. Let m(w) = w**3 + 5*w**2 + 2*w + 1. Let f be m(-4). Let r = f - h. What are the prime factors of r?
2
Suppose 4*r + p - 2*p = 63, 0 = 3*r - 2*p - 41. List the prime factors of r.
17
Let h(r) = r**2 - 12*r + 13. List the prime factors of h(11).
2
Let z(t) = t - 3. Let d = 2 + 3. List the prime factors of z(d).
2
Let y be 3/(-12) - 2/(-8). Let i = -2 - -3. Suppose y = -w + i, -4*m + w + 41 = -2*w. What are the prime factors of m?
11
Suppose -m = 3*v - 27, 2*v - 4 + 8 = 0. List the prime factors of m.
3, 11
Let x be 2/(-6) + (-3)/(-9). Let r(u) = -u**2 + 2*u**2 - 2*u - 3 + x*u. List the prime factors of r(-3).
2, 3
List the prime factors of (4/(8/10))/((-2)/(-6)).
3, 5
Suppose -6 = -3*d + 27. Suppose -d = -4*l + 45. List the prime factors of l.
2, 7
Let u be -56*4/(32/(-4)). Let q = u + -19. List the prime factors of q.
3
Let k(g) = -g**2 - g + 1. Let z(n) = -11*n - 1. Let y(j) = k(j) - z(j). List the prime factors of y(8).
2, 3
Suppose -174 = -2*j - u + 6*u, -376 = -4*j + 3*u. List the prime factors of j.
97
Let r(m) be the second derivative of -m**3/3 + 11*m**2/2 - 3*m. Let i be r(8). Let x = 8 + i. List the prime factors of x.
3
Suppose 2*g + 1 + 47 = 0. Let w = g - -40. List the prime factors of w.
2
Suppose j - 5*u - 35 = -0*u, 4*u = -4*j + 92. What are the prime factors of j?
5
Suppose -24 = 3*n + 21. What are the prime factors of (-9)/n - 77/(-5)?
2
Suppose -5*w + 2*a = -19, w - 2*a - 5 = -a. Suppose -4*q - 2*f + 21 = -w*q, q = 5*f - 7. Suppose -y + q + 0 = 0. What are the prime factors of y?
13
Let l(j) = -10*j + 5. Let h(z) = -3*z + 2. Let c(i) = 8*h(i) - 3*l(i). List the prime factors of c(8).
7
Let z = 11 - 7. Let b be 13 + 2/z*-2. Suppose -4*g + b = -g. List the prime factors of g.
2
Suppose 5*f - 3*f - 184 = -5*k, 0 = 3*k - 6. What are the prime factors of f?
3, 29
Let z(i) = 2*i**2 - 5*i - 7. What are the prime factors of z(-5)?
2, 17
Let k(g) = 46*g**3 + g. List the prime factors of k(1).
47
Let d(h) = -h**2 + 8*h + 5. Let m be 5 + 1*(0 + -2). Suppose -2*l + m = -11. List the prime factors of d(l).
2, 3
Let c be ((-16)/((-12)/(-3)))/(-2). What are the prime factors of 4*(15/c - 1)?
2, 13
Let t be (-15)/(-4) - 3/(-12). Let k(p) be the third derivative of p**4/24 - p**3/6 - p**2. What are the prime factors of k(t)?
3
Let b(x) = -x**3 + 8*x**2 + x - 6. Let n be b(8). Suppose 4*t - 27 = -3*d, -5*d + n*t + 94 = 23. Suppose 0 = -2*s - 5 + d. List the prime factors of s.
2
Let m(x) = x**3 - 3*x**2 - 5*x + 6. Let n be m(4). Suppose k + 5 = n*k. What are the prime factors of k?
5
Let b(s) = s**2 - 8*s - 6. Let i be b(9). Suppose 3*l = -0*l - i. Let o = 3 - l. List the prime factors of o.
2
List the prime factors of (-1657)/(-5) - 63/(-105).
2, 83
Let z = 15 - 9. Let p be z/27 - (-7)/9. Suppose 0 = -5*c - r + 19 + 32, c + 3*r + p = 0. List the prime factors of c.
11
Let p = 22 - 12. Suppose -2*y + p = 2. Suppose -y*c - 6 = -18, -5*h + c = -42. List the prime factors of h.
3
Suppose -c = -b + 2*c + 16, 0 = 4*b + 3*c - 4. Suppose 0*t - 16 = -2*t - 4*h, 32 = t - b*h. What are the prime factors of t?
2
Let q(x) = -x**3 - 4*x**2 - x - 2. Let o be q(-4). Suppose o*d = -1 + 9. What are the prime factors of d?
2
Let y(k) = 2*k + 4. Let m be y(-3). Let b be 1 + (-20)/(0 + m). Suppose 5*x - 22 = 3*t, -2*x = -4*t - 9 - b. What are the prime factors of x?
2
Let z = 178 + -45. List the prime factors of z.
7, 19
What are the prime factors of ((-84)/10)/(14/(-35))?
3, 7
Let k be 2/5 - 28/20. Let o(d) = -d + 1. Let r be o(k). Suppose -5*i = r*h - 44, i + 16 = h + 2*i. What are the prime factors of h?
2, 3
Let z be ((-4)/(-5))/(2/5). Suppose 4*n = -5*f + 3*n + 46, -4*f + 35 = -n. Suppose -z*m = m - f. List the prime factors of m.
3
Suppose 0 = -3*b + 8*b - 10. Suppose -b*f = 3*w - 37, -w + 39 = 2*f - 0*w. List the prime factors of f.
2, 5
Let t = 31 - -36. Let l = -25 + t. What are the prime factors of l?
2, 3, 7
Let y(k) = k**2 - 4*k + 5. Let c be (3 + -3)/(1 + -3). Let s = 5 + c. List the prime factors of y(s).
2, 5
Let k(z) = z**2 - 3*z - 4. Let x be k(5). Suppose 32 = 2*t + m, -t - x*m = -m - 7. List the prime factors of t.
17
Suppose 0 = -2*d - 3*j - 46, j = d + 6*j + 30. Let a be (-23)/4 + 5/d. Let x = a + 13. List the prime factors of x.
7
Suppose -4*g + 35 = z, -175 + 47 = -4*z - 4*g. What are the prime factors of z?
31
What are the prime factors of (95/10)/(1/2)?
19
Let o(q) = q**3 - 4*q**2 - 2*q + 6. Let m be o(5). Suppose 0*s = -4*s + 60. Let g = m - s. List the prime factors of g.
2, 3
Let z(c) = 6*c**2 - 1 + 0*c + 2*c**3 - c**3 + 3*c. Suppose 0 = -5*i - 4*q - 21, -2*i = -q - q + 12. List the prime factors of z(i).
3
Suppose 4*f - 3 - 21 = 0. Suppose -5*w + 20 = -0*w, -w - f = -2*d. Suppose -d*o + k + 2 = 5*k, 3*o - 2 = -2*k. What are the prime factors of o?
2
Suppose 4*m - 5*m = -11. Suppose x + 3*n - m = 2*n, 0 = 5*x + 4*n - 55. Let t = x - 7. What are the prime factors of t?
2
Let f be 6/(-4)*(-24)/9. Suppose 4*t + 20 = 0, f*j = t + 4*t + 109. Suppose j = d + 2*d. List the prime factors of d.
7
Let p = -9 - -12. Suppose -2*n - 2 + 10 = p*y, 1 = -y + 3*n. What are the prime factors of y?
2
Let d(p) = 91*p**3 + 1. Let z be d(1). Let l = 155 - z. Suppose 3*n = l - 15. List the prime factors of n.
2
Suppose 2*q = -2, z - 100 = 2*q + 2*q. What are the prime factors of z?
2, 3
Suppose -4*w + 27 = -105. What are the prime factors of w?
3, 11
List the prime factors of 3476/(-55)*5/(-2) + 2.
2, 5
Let w = 36 - 20. Let i be 14/(-2)*-3 + 2. Let l = i - w. List the prime factors of l.
7
Suppose q + 3*t = -q + 15, 4*q + 3*t - 15 = 0. Let w = 4 + 2. Let h = q + w. What are the prime factors of h?
2, 3
Let x = 15 + -104. Let l = x + 138. List the prime factors of l.
7
Suppose 0 = 2*j + 2*j + 100. Let s = -16 - j. What are the prime factors of s?
3
Suppose 5*j - 216 = -j. List the prime factors of j.
2, 3
Suppose -5*d - 5*z = -2820, 0 = 5*d - d - 5*z - 2283. What are the prime factors of -4*(d/(-12))/7?
3
What are the prime factors of 702/12 - 0 - (-3)/2?
2, 3, 5
Let f(a) = -16*a. Let m be f(1). What are the prime factors of 216/(-32)*m/3?
2, 3
Suppose -1206 = -5*v + z, 4*v - 7*z = -5*z + 960. List the prime factors of v.
2, 11
Suppose -3*x = -2*x. Suppose -5*y = -x*y + 170. List the prime factors of (-8)/(-36) + y/(-9).
2
Suppose -4*d + 16 = 4*o, -5*d - 4*o + 21 = -0*d. Suppose d*x = 2*x + 6. Suppose 0 = x*u - 0*u - 22. List the prime factors of u.
11
Let t(j) = -j**3 + 5*j*